*m - 9. What is the remainder when j is divided by u?
3
Suppose 3*f - 4*v = 194, -f = -3*f + 4*v + 136. Let t(i) = 5 + 10*i + 0*i**2 - 6 - 18 + i**2. What is the remainder when f is divided by t(-13)?
18
Let i(y) = y**2 - y + 1. Let f(w) = -w**3 - w**2 + 14*w - 13. Let h(g) = f(g) + 6*i(g). What is the remainder when h(6) is divided by 2?
1
Let p be (0 - 2)/((-14)/(-343)). Let v = p + 73. What is the remainder when v is divided by 9?
6
Let l = 8 - 0. Let n(z) = -2*z**2 - 22*z - 8. What is the remainder when n(-9) is divided by l?
4
Let o(m) = 128*m. Let d = 12 - 10. Let u be o(d). Suppose -t - u = -5*t. Calculate the remainder when t is divided by 22.
20
Let v = -127 + 152. What is the remainder when 48 is divided by v?
23
Let r = -14 - -26. Calculate the remainder when 81 is divided by r.
9
Let h(x) = -x**3 - 8*x**2 - 10*x - 2. What is the remainder when h(-8) is divided by 20?
18
Calculate the remainder when ((-3)/3)/3 + 4330/30 is divided by 49.
46
Suppose 0 = 4*r - 28. Let s = r + -3. Calculate the remainder when 9 is divided by s.
1
Suppose 0 = -2*r - 4*c - 0*c + 12, 3*r - 3*c = 18. Calculate the remainder when 43 is divided by r.
1
Suppose 2*t - 4 = 2. Calculate the remainder when 3 is divided by t.
0
Let y(u) = 2*u**3 + 7*u**2 - u - 7. Calculate the remainder when 18 is divided by y(-3).
3
Let y = -3 - -36. Calculate the remainder when 63 is divided by y.
30
Let g(n) = 2*n - 9. Let b be g(6). Suppose b + 1 = 4*y. Let d = y - -4. What is the remainder when 8 is divided by d?
3
Suppose 7 + 56 = 3*o. Calculate the remainder when (o/(-2))/(2/(-4)) is divided by 6.
3
Let l = 23 + 22. Let a(r) = -3*r - 2. Let d be a(-2). Suppose 0 = 5*u - 3*p - 100, -19 + d = -3*p. What is the remainder when l is divided by u?
22
Let s = -18 - -10. Let q = s + 17. What is the remainder when q is divided by 3?
0
Let t(o) = 3*o**2 + o. Let d be t(-1). Let i be ((-1 - -3)*4)/d. Let v(l) = l**2 + 2*l - 5. Calculate the remainder when 36 is divided by v(i).
17
Let i = -14 - -22. Suppose -h + 3*h = -14. Let l = h - -20. Calculate the remainder when l is divided by i.
5
Suppose 4*s + 5*l - 50 = 0, 2*s + 3*l + l - 22 = 0. Calculate the remainder when 71 is divided by s.
11
Let s be (-2 - (1 + -1))/1. Let l(q) = -q**3 - 7*q**2 - 8*q + 1. What is the remainder when (-18*2 + s)*-1 is divided by l(-6)?
12
Suppose m - 21 - 4 = 0. Let c = 41 + -61. What is the remainder when ((-144)/(-10))/((-6)/c) is divided by m?
23
Suppose -32 = -2*q - 2*z + z, 4*z = 4*q - 40. Calculate the remainder when 41 is divided by q.
13
What is the remainder when 54 is divided by (5/15)/((-2)/(-84))?
12
Let v(r) = r**3 + 2*r - 4. Calculate the remainder when v(3) is divided by 3 + -2 + 1 + 8.
9
Suppose -5*u - 3*n = -45, 3*u = -u + 5*n - 1. Calculate the remainder when 47 is divided by u.
5
Let f be 2/((24/(-9))/(-4)). Suppose -f*b = -z - 32, -2*b - 4*z + 2 + 10 = 0. What is the remainder when 17 is divided by b?
7
Let g(t) = t**2 - t + 158. Let b be g(0). Suppose -b = -5*a + 42. Calculate the remainder when a is divided by (40/(-12))/5*-21.
12
Suppose -3*t = 3*t - 78. What is the remainder when 36 is divided by t?
10
Let g(o) = o**2 - 5*o - 9. What is the remainder when 19 is divided by g(7)?
4
Suppose -1 = b + 6. Let h(z) = -z. Calculate the remainder when h(b) is divided by 2.
1
Let u(m) = 5*m - 35. What is the remainder when 57 is divided by u(9)?
7
Let h be (12/(-9))/(1/(-3)). Suppose -w = w - 4*s - 128, -h*w - 5*s = -243. Calculate the remainder when w is divided by 21.
20
Suppose 5*o = 5*t - 15, 6 + 3 = 2*o + t. Calculate the remainder when 20 + (o + -2)/(-1) is divided by 11.
9
Let d = 13 - 7. Let u be (-15)/2*d/(-9). Suppose 5*b - 65 = u*l, -4*b = -2*l - 20 - 34. Calculate the remainder when 26 is divided by b.
12
Let v(m) = m**3 + 4*m**2 - 4*m - 6. Calculate the remainder when 34 is divided by v(-4).
4
Let k(u) = -u**2 + 8*u + 2. Suppose -4*w = -59 - 157. What is the remainder when w is divided by k(6)?
12
Suppose a + 4 - 107 = 0. What is the remainder when a is divided by 35?
33
Let a(m) = 3*m - 1. Let f be a(5). What is the remainder when 43 is divided by 103/7 + 4/f?
13
Let u(v) = -v - 5. Let g(q) = 8*q + 2. Suppose z + 4 = 2*z. What is the remainder when g(z) is divided by u(-14)?
7
Let n = 5 - -1. Calculate the remainder when 8/(2/(1 + 3)) is divided by n.
4
Suppose -1 = 2*m - 9, 4*m = -5*b - 224. Let d = -23 - b. Calculate the remainder when d is divided by 13.
12
Suppose 3*x = 2*x + 2. Calculate the remainder when 4 + x + -3 + 1 is divided by 3.
1
What is the remainder when 39 is divided by 2/(-12) - (-244)/24?
9
Suppose 2*i + 9*b - 60 = 4*b, 212 = 5*i - 3*b. What is the remainder when i is divided by 21?
19
Calculate the remainder when 29 is divided by (-12)/(-42) + 54/7.
5
Let p(d) be the second derivative of d**5/20 - 3*d**4/4 + 11*d**3/6 - 11*d**2/2 + d. Calculate the remainder when 23 is divided by p(8).
10
Suppose -u = -k - 3*u + 13, 5*k - 2*u = 29. Calculate the remainder when 16 is divided by k.
2
Let j(l) = -l**2 + l - 1. Let q(r) = -9*r**2 + 7*r - 6. Let z(v) = 6*j(v) - q(v). Suppose -1 = 2*u - u. What is the remainder when 10 is divided by z(u)?
2
Let y = -8 - -26. Suppose -d = d - 68. Calculate the remainder when d is divided by y.
16
Suppose 2*s - 9 = 1. Let n be (-93)/s - 2/5. Let j = n + 31. What is the remainder when 34 is divided by j?
10
Suppose -5*r - 2 = -107. Let c = r + 5. Calculate the remainder when c is divided by 7.
5
Let a be 192/104 + (-2)/(-13). Suppose -a*w + 19 = g - 4*w, 0 = -w. What is the remainder when g is divided by 10?
9
Let p(s) = s**2 - 5*s + 11. What is the remainder when p(7) is divided by 14?
11
Suppose 3 = -5*b + 288. What is the remainder when b is divided by 20?
17
Let c(o) = -2*o**3 - 2*o**2 - 3*o - 2. Suppose 2*a + 7 = 3. Calculate the remainder when c(a) is divided by 7.
5
Suppose -c + 4*c = 51. Let h = -13 - -45. Calculate the remainder when h is divided by c.
15
Let h(v) = v + 7. Let r be h(-5). What is the remainder when 21 is divided by (9/12)/(r/32)?
9
Let z = 11 - 4. Suppose -r + z = -4. Calculate the remainder when 21 is divided by r.
10
Let z = 47 + -33. What is the remainder when 11 is divided by z/(-4)*(-3 + 1)?
4
Let y = -15 + 22. What is the remainder when 39 is divided by (y/4)/1*8?
11
Suppose 17*k - k - 2768 = 0. What is the remainder when k is divided by 29?
28
Let v(m) = m - 3. Calculate the remainder when v(4) is divided by 1.
0
Suppose 0 = 16*n - 12*n - 96. Calculate the remainder when 118 is divided by n.
22
Let o(t) = -4*t**2 + 2*t - 3. Let h be o(2). Let w be (-28)/(-10) - 3/h. Suppose 3 = 4*c - w*c. What is the remainder when 4 is divided by c?
1
Suppose 4*n - 8*j = -3*j - 17, n = -2*j + 12. Suppose 4*y - 7*y = -6. Calculate the remainder when n is divided by y.
0
Suppose 0 = -4*h - 0*h - 216. Let l = h - -112. Calculate the remainder when l is divided by 20.
18
Suppose -2*c + z + 74 = 0, 3*c + 4*z = z + 111. What is the remainder when c is divided by 19?
18
Let x be (-2 - -1) + 2/1. Let u(k) = 2*k - 2*k + k**2 + 1. Calculate the remainder when u(x) is divided by 2.
0
Let n(u) = -3*u + 52. What is the remainder when 21 is divided by n(17)?
0
Let i(m) = 6*m**2 + m - 2. Let v be i(-2). Let r = -18 + v. What is the remainder when 3 is divided by r?
1
What is the remainder when (-45)/(2*(-3)/4) is divided by ((-1)/(-2))/(11/352)?
14
Let a = -14 + 28. Let m = -6 + a. Calculate the remainder when (-4)/((-6)/(-99)*-3) is divided by m.
6
Let j(b) be the third derivative of b**5/60 - 5*b**4/24 + b**3/2 + 4*b**2. Calculate the remainder when j(-4) is divided by 14.
11
Let n(y) = 0*y + 20*y**2 - 4*y + 5*y - 1. What is the remainder when 58 is divided by n(1)?
18
Let q be -10*-1*(-3)/(-6). Suppose -2*r + q*r - 42 = 0. What is the remainder when r is divided by 8?
6
Let z(h) = 24*h**2 - 9*h - 1. What is the remainder when z(-2) is divided by 38?
37
Let r = -34 + 39. Calculate the remainder when 9 is divided by r.
4
Suppose 3*n + 5*b = 2*n + 26, 0 = 2*n - 4*b + 4. Suppose 0 = 4*l - 32 - 0. What is the remainder when l - ((-8 - -2) + 3) is divided by n?
5
Let x = 208 + -145. What is the remainder when x is divided by 13?
11
Let r(i) = -i - 1. What is the remainder when -2*2/(2/(-5)) is divided by r(-5)?
2
Let v = 82 - 1